{"id":11961,"date":"2024-03-24T21:16:43","date_gmt":"2024-03-24T19:16:43","guid":{"rendered":"https:\/\/flagship-eg.com\/site\/?post_type=product&#038;p=11961"},"modified":"2024-03-24T21:16:46","modified_gmt":"2024-03-24T19:16:46","slug":"np61","status":"publish","type":"product","link":"https:\/\/flagship-eg.com\/site\/product\/np61\/","title":{"rendered":"NP61"},"content":{"rendered":"","protected":false},"excerpt":{"rendered":"<ul>\n<li>\n<h4>SAILING DIRECTION<\/h4>\n<\/li>\n<li>\n<h4>TITLE: Pacific Islands Pilot Vol 2<\/h4>\n<\/li>\n<li>\n<h4>EDITION : 13th, 2017<\/h4>\n<\/li>\n<li>\n<h4>PUBLISHER: UKHO<\/h4>\n<\/li>\n<li>\n<h4>LANGUAGE: ENGLISH<\/h4>\n<\/li>\n<li>\n<h4>IMPA CODE: <strong>370982<\/strong><\/h4>\n<\/li>\n<li>\n<h4><b>Pacific Islands Pilot Vol. II (NP 61)<\/b>\u00a0in the British Admiralty Sailing Directions series. It covers Nouvelle-Cal\u00e8donie and \u00celes Loyaut\u00e8, Vanuatu, Banks and Torres Islands, Santa Cruz Islands, Fiji Islands, Tonga Islands, Samoa Islands, Tuvalu, Kiribati (Gilbert and Phoenix Groups), Marshall Islands.<\/h4>\n<\/li>\n<\/ul>\n","protected":false},"featured_media":11962,"template":"","meta":[],"product_brand":[],"product_cat":[72],"product_tag":[3129,3321,3124,3320,3131,3322,3134],"class_list":{"0":"post-11961","1":"product","2":"type-product","3":"status-publish","4":"has-post-thumbnail","6":"product_cat-natical-charts-publications","7":"product_tag-admiralty","8":"product_tag-impa-code-370982","9":"product_tag-natical-charts-publications","10":"product_tag-np61","11":"product_tag-sailing-direction","12":"product_tag-title-pacific-islands-pilot-vol-2","13":"product_tag-ukho-publications","15":"first","16":"instock","17":"shipping-taxable","18":"product-type-simple"},"_links":{"self":[{"href":"https:\/\/flagship-eg.com\/site\/wp-json\/wp\/v2\/product\/11961","targetHints":{"allow":["GET"]}}],"collection":[{"href":"https:\/\/flagship-eg.com\/site\/wp-json\/wp\/v2\/product"}],"about":[{"href":"https:\/\/flagship-eg.com\/site\/wp-json\/wp\/v2\/types\/product"}],"wp:featuredmedia":[{"embeddable":true,"href":"https:\/\/flagship-eg.com\/site\/wp-json\/wp\/v2\/media\/11962"}],"wp:attachment":[{"href":"https:\/\/flagship-eg.com\/site\/wp-json\/wp\/v2\/media?parent=11961"}],"wp:term":[{"taxonomy":"product_brand","embeddable":true,"href":"https:\/\/flagship-eg.com\/site\/wp-json\/wp\/v2\/product_brand?post=11961"},{"taxonomy":"product_cat","embeddable":true,"href":"https:\/\/flagship-eg.com\/site\/wp-json\/wp\/v2\/product_cat?post=11961"},{"taxonomy":"product_tag","embeddable":true,"href":"https:\/\/flagship-eg.com\/site\/wp-json\/wp\/v2\/product_tag?post=11961"}],"curies":[{"name":"wp","href":"https:\/\/api.w.org\/{rel}","templated":true}]}}